= -n**2 + n + 14. Let r be c(0). Suppose -2*l = -5*l + 2*t + 42, -5*t = 2*l - 28. What is the greatest common divisor of r and l?
14
Suppose -11 = -2*d + 5. Let h = -12 - -10. Let s be h - (-2 + (-2 - 30)). What is the highest common divisor of d and s?
8
Suppose 23*a = 20*a + 69. Calculate the greatest common divisor of 46 and a.
23
Let f be (-4)/(-3) + (28/6 - 5). What is the greatest common divisor of f and 7?
1
Suppose -3*j + 27 = 3*i, 3*j - i - 53 = -18. Let w be (6/8)/(2/(-8)). Let v be 22/5*(-45)/w. Calculate the greatest common factor of v and j.
11
Suppose 0 = -2*t + 3*j + 188, 0 = -2*t - j - 0*j + 180. Let l = -3 + t. Calculate the highest common divisor of 8 and l.
8
Let z = -59 - -259. Suppose -5*d + z = -d. Calculate the greatest common divisor of 20 and d.
10
Suppose 2*b + 3*b - 10 = 0. Let s be (3 - 8)*b/(-1). Calculate the greatest common divisor of s and 70.
10
Let z(q) = 3*q - 4. Let f be z(5). Suppose 0 = -s, s = -2*b + 5*s + 2. What is the greatest common divisor of b and f?
1
Suppose 6*j - 12 = 2*j. What is the greatest common divisor of j and 24?
3
Let q = -25 - -56. Calculate the greatest common divisor of q and 248.
31
Suppose -o - 130 = -4*c + o, -5*c + 3*o = -160. Calculate the greatest common divisor of 5 and c.
5
Suppose -4*n = -r + 5, -2*n + 40 = 2*r - 0*r. Calculate the highest common divisor of r and 34.
17
Let m be ((-7)/(-2))/((-3)/(-6)). Suppose -3*f + l + 152 = 0, f - 103 = -f + l. What is the highest common factor of m and f?
7
Suppose 32 = 5*s - 4*q, 3*s + 5*q - 12 - 22 = 0. Suppose -k + 72 = -16. What is the highest common divisor of s and k?
8
Let x be 2*1 + 8/((-8)/(-2)). Let n = 10 + -4. Suppose -n = i - x*i. What is the greatest common divisor of i and 3?
1
Let j = 129 - 126. Let k(w) = -w**3 + 2*w + 2. Let t be k(-2). Let a be (-2)/3 - (-166)/t. Calculate the highest common divisor of j and a.
3
Let a be (-2)/(-4) - (-3)/2. Suppose 5*w = -k + 87, -w + 5*k = 4*w - 105. Calculate the greatest common divisor of a and w.
2
Let i be 141 - (-1 - -1*(1 - 1)). Let f = 59 - 145. Let q = i + f. Calculate the greatest common factor of 8 and q.
8
Suppose -3*l - 5 = -4*t, 0*l - l = 4*t + 7. Let v be t + 17 - 8/4. What is the greatest common divisor of 35 and v?
7
Let g(s) = 31*s**2 + 4*s + 1. Let m be g(2). What is the greatest common divisor of 19 and m?
19
Let n = -27 + 46. What is the highest common factor of 152 and n?
19
Let a(x) = -157*x. Let n be a(-1). Let z = n - 87. Calculate the highest common factor of z and 10.
10
Let h(a) = a**2 + 4*a - 3. Let v be h(-5). Let p be 6/(-30) + v/10. Suppose p = -2*k - 10, s + 5*k = 10 + 77. Calculate the greatest common divisor of s and 14.
14
Let p be 59 + -2*2/2. What is the highest common divisor of p and 38?
19
Suppose 5*j - 240 - 10 = 0. Calculate the highest common factor of j and 20.
10
Let h(f) = f - 3. Let l be h(8). Suppose 0 = y + i, i = l*y + 3*i - 15. What is the highest common divisor of y and 20?
5
Let b be -4 + (-288)/56*(-7 - 0). Calculate the greatest common divisor of 112 and b.
16
Let k = -307 + 512. Suppose -k = -5*c + 180. What is the highest common divisor of c and 7?
7
Suppose -12 = -0*r - 2*r. What is the highest common divisor of r and 48?
6
Suppose 40 + 92 = 2*u. Suppose 4*q = -q. Suppose q = -2*b - 2*b + 24. What is the highest common divisor of u and b?
6
Let k be (2 + 8)/(1/6). Calculate the highest common factor of 20 and k.
20
Let u = -8 + 20. Let r(v) = -v**2 - 7*v + 4. Let a be r(-7). Suppose -a*k + 20 = -4. What is the highest common divisor of k and u?
6
Suppose 0 = d - 3 - 14. Let t = d - 7. Calculate the greatest common divisor of t and 25.
5
Suppose 3*m - 8 = 5*j, 4*m = 4*j + 4 + 4. Let d = m + 1. Calculate the greatest common divisor of d and 4.
2
Let b(t) = -4*t + 41. Let p be b(6). Suppose 2*l = 3*l - 34. What is the greatest common factor of p and l?
17
Suppose 2*l = 5*k + l - 18, -5*l = 5*k. Let u(g) = -g**2 + 2*g**2 + 1 + 1. Let i be u(k). What is the highest common factor of i and 33?
11
Let u = -11 - -21. Suppose -o = 5*z + 10 + u, 2*z = -2*o. What is the highest common factor of o and 15?
5
Let a(f) = f**2 + 18*f + 61. Let y be a(-14). Calculate the highest common divisor of y and 15.
5
Let j(m) = -m - 10. Let l be j(-10). Suppose l = 2*c - 0 - 6. Calculate the highest common divisor of c and 3.
3
Let i = -5 - -8. Suppose 50 = i*d + b, 0 = -4*b - b - 20. What is the greatest common divisor of d and 18?
18
Let g(f) = f**2 - 1. Suppose -4*q = -0*q + 8. Let s be g(q). Suppose 2*n = -5*p + 17, 0*p - 32 = -5*n - 2*p. What is the highest common divisor of s and n?
3
Let c = 298 + -177. Calculate the highest common factor of c and 11.
11
Suppose 4*l - 194 - 26 = 0. Suppose -2*c = 7 - l. Calculate the highest common divisor of c and 12.
12
Let u = 12 + -7. Suppose -713 = -u*t + 142. Calculate the highest common factor of t and 19.
19
Let t(s) = -s**2 - 4*s + 6. Let x be t(-5). Let a be 22/(2 + (1 - x)). Calculate the greatest common factor of a and 44.
11
Suppose 4*o - 2*w = -4414 - 190, -4 = w. Let x be o/(-5) - 6/(-15). Let l be 0 + 0 + (-14 - -35). What is the greatest common divisor of x and l?
21
Let w = 2 - -1. Suppose o - 40 = -2*x, -w*o - 2*x + 56 = -68. Let a = 36 - 8. What is the highest common divisor of o and a?
14
Suppose -10*n - 503 = -1713. Suppose 4*y + 3 = 3*p - 22, 5*y = 10. What is the highest common divisor of p and n?
11
Suppose 0 = -5*j - 25 - 25. Let i be (-25)/10*56/j. What is the greatest common divisor of 56 and i?
14
Suppose -4*q - 3*i - 13 = -0*i, -4*i = 12. Let n be 183 + (-3 - 0/q). Calculate the greatest common divisor of n and 20.
20
Let i(d) = -7*d - 8 - 28*d + 2*d. Let m be i(-8). Suppose -q + m = q. Calculate the highest common factor of 16 and q.
16
Let z(d) = 2*d**2 - 8*d + 12. Let n be z(6). What is the greatest common factor of n and 12?
12
Suppose 0*a + a = 45. Calculate the greatest common factor of a and 9.
9
Let b = 1 + 5. Let l(r) = 2*r**2 - 7*r - 6. Let z be l(b). Calculate the greatest common factor of 60 and z.
12
Let y(c) = 5*c**2 - c. Let n be y(1). Suppose 0 + 5 = -k, 0 = 3*d - n*k - 14. Let m be ((-7)/(21/54))/d. What is the greatest common divisor of 63 and m?
9
Let f = 332 + -236. What is the highest common divisor of 12 and f?
12
Suppose 6 = 2*x - b, 5*x + 0*b - 12 = 4*b. Let g = x - -5. What is the greatest common divisor of 1 and g?
1
Let h be (-16)/6*-42 - -2. Calculate the greatest common divisor of 38 and h.
38
Let b = 2 + 15. What is the greatest common divisor of b and 51?
17
Let q = -10 + 13. Suppose -q*h - 3*y + 15 = -9, 5 = y. Suppose -3*d - o + 90 = 2*o, -d = 3*o - 24. Calculate the highest common factor of d and h.
3
Let w be 57/12 - (-2)/8. Suppose -w*z + 99 = -2*z. What is the greatest common factor of z and 3?
3
Let c be 75 + (-8)/4 - 1. Calculate the greatest common factor of c and 8.
8
Let z(b) = -b + 50. Let h be z(0). Calculate the highest common divisor of 10 and h.
10
Let g = -18 + 46. Suppose 4*n + 10 = k + 40, -3*k = -3*n + 27. What is the highest common factor of g and n?
7
Let q = 33 + 2. Let k = 99 - q. What is the greatest common factor of 160 and k?
32
Suppose -2*z - 2*z + 5*h + 87 = 0, -5*h - 105 = -5*z. Calculate the highest common factor of 54 and z.
18
Let s = -38 - -66. Let h = 35 - -35. Let o be h + 1 - (-5 - -6). What is the greatest common factor of s and o?
14
Let u(c) = c**3 - 15*c**2 - c + 20. Let s be u(15). Let z be (140/(-8))/s*-2. What is the highest common divisor of z and 7?
7
Let q = 4 + -2. Suppose 2 = q*k - 4. Calculate the highest common factor of 30 and k.
3
Suppose -3*s - 4*u + 26 = 0, 3*s = -s - 5*u + 35. Suppose -4*l + 7*l - 60 = -4*m, l = 4*m + 20. What is the greatest common factor of l and s?
10
Let i be (12/30)/(2/40). Let h = -23 - -35. Calculate the highest common divisor of h and i.
4
Suppose 4*s + 2*b - 458 = 0, -3*s = -3*b + 5*b - 346. What is the highest common divisor of 168 and s?
56
Let c be (32/12 - 2)*12. Calculate the greatest common factor of 232 and c.
8
Let k(p) = p**3 + 9*p**2 - p + 8. Let l be k(-8). Suppose 0*j = -4*j + l. Calculate the greatest common divisor of j and 20.
20
Let s(a) = 12*a**3 + 2*a**2 + 1. Let j be s(2). Calculate the greatest common divisor of j and 15.
15
Let j(n) = 0*n**2 + 1 +